7, 101
List the prime factors of 73909.
11, 6719
What are the prime factors of 462?
2, 3, 7, 11
List the prime factors of 3817.
11, 347
List the prime factors of 92.
2, 23
What are the prime factors of 559?
13, 43
List the prime factors of 11851.
7, 1693
What are the prime factors of 61271?
7, 8753
List the prime factors of 16636.
2, 4159
What are the prime factors of 21360?
2, 3, 5, 89
What are the prime factors of 21638?
2, 31, 349
List the prime factors of 2322.
2, 3, 43
What are the prime factors of 1580?
2, 5, 79
List the prime factors of 107433.
3, 23, 173
What are the prime factors of 1798?
2, 29, 31
List the prime factors of 939.
3, 313
What are the prime factors of 12750?
2, 3, 5, 17
What are the prime factors of 4220?
2, 5, 211
List the prime factors of 23878.
2, 11939
List the prime factors of 66.
2, 3, 11
List the prime factors of 51491.
11, 31, 151
What are the prime factors of 2600?
2, 5, 13
List the prime factors of 104699.
7, 14957
What are the prime factors of 2646?
2, 3, 7
What are the prime factors of 1264?
2, 79
What are the prime factors of 144209?
13, 11093
List the prime factors of 1628.
2, 11, 37
What are the prime factors of 32?
2
List the prime factors of 91075.
5, 3643
What are the prime factors of 295?
5, 59
What are the prime factors of 975?
3, 5, 13
What are the prime factors of 2146?
2, 29, 37
What are the prime factors of 8512?
2, 7, 19
List the prime factors of 672.
2, 3, 7
What are the prime factors of 5360?
2, 5, 67
What are the prime factors of 80075?
5, 3203
List the prime factors of 298.
2, 149
What are the prime factors of 579?
3, 193
What are the prime factors of 17410?
2, 5, 1741
List the prime factors of 3563.
7, 509
List the prime factors of 4116.
2, 3, 7
What are the prime factors of 235?
5, 47
What are the prime factors of 6857?
6857
What are the prime factors of 2041?
13, 157
List the prime factors of 58296.
2, 3, 7, 347
List the prime factors of 18942.
2, 3, 7, 11, 41
List the prime factors of 5329.
73
List the prime factors of 1609.
1609
List the prime factors of 4679.
4679
List the prime factors of 31997.
7, 653
What are the prime factors of 11460?
2, 3, 5, 191
What are the prime factors of 36480?
2, 3, 5, 19
List the prime factors of 1194.
2, 3, 199
List the prime factors of 9879.
3, 37, 89
What are the prime factors of 6621?
3, 2207
List the prime factors of 704.
2, 11
What are the prime factors of 17365?
5, 23, 151
List the prime factors of 8177.
13, 17, 37
List the prime factors of 12173.
7, 37, 47
What are the prime factors of 2590?
2, 5, 7, 37
What are the prime factors of 5658?
2, 3, 23, 41
List the prime factors of 3677.
3677
What are the prime factors of 9984?
2, 3, 13
What are the prime factors of 928?
2, 29
What are the prime factors of 68771?
68771
What are the prime factors of 651?
3, 7, 31
What are the prime factors of 1200?
2, 3, 5
List the prime factors of 1350.
2, 3, 5
What are the prime factors of 29017?
29017
List the prime factors of 18533.
43, 431
List the prime factors of 182.
2, 7, 13
What are the prime factors of 1791?
3, 199
What are the prime factors of 237?
3, 79
What are the prime factors of 180457?
181, 997
List the prime factors of 2159.
17, 127
What are the prime factors of 722?
2, 19
List the prime factors of 117010.
2, 5, 11701
What are the prime factors of 50544?
2, 3, 13
What are the prime factors of 4356?
2, 3, 11
What are the prime factors of 351?
3, 13
What are the prime factors of 2928?
2, 3, 61
List the prime factors of 3887.
13, 23
What are the prime factors of 61263?
3, 2269
What are the prime factors of 705?
3, 5, 47
List the prime factors of 380.
2, 5, 19
List the prime factors of 16390.
2, 5, 11, 149
What are the prime factors of 74?
2, 37
What are the prime factors of 2184?
2, 3, 7, 13
List the prime factors of 11022.
2, 3, 11, 167
What are the prime factors of 43275?
3, 5, 577
List the prime factors of 26151.
3, 23, 379
List the prime factors of 166.
2, 83
What are the prime factors of 5845?
5, 7, 167
List the prime factors of 5599.
11, 509
List the prime factors of 6151.
6151
What are the prime factors of 19886?
2, 61, 163
What are the prime factors of 15295?
5, 7, 19, 23
What are the prime factors of 1822?
2, 911
List the prime factors of 202.
2, 101
What are the prime factors of 6294?
2, 3, 1049
What are the prime factors of 8810?
2, 5, 881
What are the prime factors of 97748?
2, 7, 3491
List the prime factors of 1080.
2, 3, 5
List the prime factors of 42324.
2, 3, 3527
List the prime factors of 1094.
2, 547
What are the prime factors of 15532?
2, 11, 353
What are the prime factors of 6845?
5, 37
What are the prime factors of 6092?
2, 1523
List the prime factors of 1070.
2, 5, 107
List the prime factors of 2776.
2, 347
List the prime factors of 1025.
5, 41
What are the prime factors of 11384?
2, 1423
List the prime factors of 1950.
2, 3, 5, 13
What are the prime factors of 25807?
131, 197
What are the prime factors of 11241?
3, 1249
List the prime factors of 605.
5, 11
What are the prime factors of 4143?
3, 1381
What are the prime factors of 394?
2, 197
List the prime factors of 9916.
2, 37, 67
What are the prime factors of 32806?
2, 47, 349
What are the prime factors of 1212?
2, 3, 101
What are the prime factors of 917?
7, 131
List the prime factors of 141454.
2, 107, 661
What are the prime factors of 73?
73
List the prime factors of 9765.
3, 5, 7, 31
What are the prime factors of 45259?
45259
What are the prime factors of 38129?
7, 13, 419
List the prime factors of 1869.
3, 7, 89
What are the prime factors of 2660?
2, 5, 7, 19
What are the prime factors of 26809?
17, 19, 83
List the prime factors of 943.
23, 41
What are the prime factors of 30032?
2, 1877
What are the prime factors of 4665?
3, 5, 311
What are the prime factors of 7180?
2, 5, 359
List the prime factors of 443.
443
List the prime factors of 15086.
2, 19, 397
What are the prime factors of 478?
2, 239
What are the prime factors of 1417?
13, 109
What are the prime factors of 17125?
5, 137
List the prime factors of 8896.
2, 139
List the prime factors of 12901.
7, 19, 97
What are the prime factors of 3918?
2, 3, 653
What are the prime factors of 649?
11, 59
List the prime factors of 4526.
2, 31, 73
List the prime factors of 30073.
17, 29, 61
What are the prime factors of 130882?
2, 31, 2111
List the prime factors of 160.
2, 5
What are the prime factors of 22740?
2, 3, 5, 379
What are the prime factors of 2542?
2, 31, 41
List the prime factors of 31141.
11, 19, 149
List the prime factors of 185.
5, 37
What are the prime factors of 2087?
2087
List the prime factors of 54332.
2, 17, 47
List the prime factors of 9923.
9923
What are the prime factors of 17611?
11, 1601
What are the prime factors of 10558?
2, 5279
List the prime factors of 6424.
2, 11, 73
What are the prime factors of 50936?
2, 6367
List the prime factors of 2145.
3, 5, 11, 13
What are the prime factors of 1372?
2, 7
List the prime factors of 1046.
2, 523
What are the prime factors of 7139?
11, 59
What are the prime factors of 16796?
2, 13, 17, 19
List the prime factors of 1164.
2, 3, 97
List the prime factors of 147433.
11, 13, 1031
List the prime factors of 8881.
83, 107
What are the prime factors of 163532?
2, 40883
List the prime factors of 578.
2, 17
What are the prime factors of 8484?
2, 3, 7, 101
What are the prime factors of 59423?
7, 13, 653
List the prime factors of 4012.
2, 17, 59
What are the prime factors of 44965?
5, 17, 23
What are the prime factors of 317?
317
List the prime factors of 7406.
2, 7, 23
What are the prime factors of 46386?
2, 3, 859
What are the prime factors of 1251?
3, 139
List the prime factors of 11326.
2, 7, 809
What are the prime factors of 1922?
2, 31
What are the prime factors of 7953?
3, 11, 241
List the prime factors of 37122.
2, 3, 23, 269
What are the prime factors of 4249?
7, 607
What are the prime factors of 86152?
2, 11, 89
What are the prime factors of 1730?
2, 5, 173
List the prime factors of 227.
227
List the prime factors of 6896.
2, 431
What are the prime factors of 3831?
3, 1277
What are the prime factors of 3629?
19, 191
What are the prime factors of 32621?
32621
What are the prime factors of 99057?
3, 7, 53, 89
List the prime factors of 114722.
2, 19, 3019
List the p